{"id":113,"date":"2013-10-08T11:39:44","date_gmt":"2013-10-08T09:39:44","guid":{"rendered":"http:\/\/www.mydlak.cz\/ke-stazeni"},"modified":"2026-02-02T10:19:56","modified_gmt":"2026-02-02T09:19:56","slug":"ke-stazeni","status":"publish","type":"page","link":"https:\/\/www.mydlak.cz\/?page_id=113","title":{"rendered":"Ke sta\u017een\u00ed"},"content":{"rendered":"<p><a href=\"https:\/\/www.mydlak.cz\/wp-content\/uploads\/Nabidka_2026.pdf\">Nab\u00eddka a cen\u00edk pobytu pro rok 2026<\/a><\/p>\n<p><a href=\"https:\/\/www.mydlak.cz\/wp-content\/uploads\/Pokyny_rekreace_2026_20260202.pdf\">Organiza\u010dn\u00ed pokyny pro rekreaci 2026<\/a><\/p>\n","protected":false},"excerpt":{"rendered":"<p>Nab\u00eddka a cen\u00edk pobytu pro rok 2026 Organiza\u010dn\u00ed pokyny pro rekreaci 2026<\/p>\n","protected":false},"author":1,"featured_media":0,"parent":0,"menu_order":0,"comment_status":"closed","ping_status":"closed","template":"","meta":[],"_links":{"self":[{"href":"https:\/\/www.mydlak.cz\/index.php?rest_route=\/wp\/v2\/pages\/113"}],"collection":[{"href":"https:\/\/www.mydlak.cz\/index.php?rest_route=\/wp\/v2\/pages"}],"about":[{"href":"https:\/\/www.mydlak.cz\/index.php?rest_route=\/wp\/v2\/types\/page"}],"author":[{"embeddable":true,"href":"https:\/\/www.mydlak.cz\/index.php?rest_route=\/wp\/v2\/users\/1"}],"replies":[{"embeddable":true,"href":"https:\/\/www.mydlak.cz\/index.php?rest_route=%2Fwp%2Fv2%2Fcomments&post=113"}],"version-history":[{"count":40,"href":"https:\/\/www.mydlak.cz\/index.php?rest_route=\/wp\/v2\/pages\/113\/revisions"}],"predecessor-version":[{"id":773,"href":"https:\/\/www.mydlak.cz\/index.php?rest_route=\/wp\/v2\/pages\/113\/revisions\/773"}],"wp:attachment":[{"href":"https:\/\/www.mydlak.cz\/index.php?rest_route=%2Fwp%2Fv2%2Fmedia&parent=113"}],"curies":[{"name":"wp","href":"https:\/\/api.w.org\/{rel}","templated":true}]}}