{"id":48,"date":"2013-10-08T10:36:49","date_gmt":"2013-10-08T08:36:49","guid":{"rendered":"http:\/\/www.mydlak.cz\/stravovani"},"modified":"2013-10-08T12:15:36","modified_gmt":"2013-10-08T10:15:36","slug":"stravovani","status":"publish","type":"page","link":"https:\/\/www.mydlak.cz\/?page_id=48","title":{"rendered":"Stravov\u00e1n\u00ed"},"content":{"rendered":"<p><span style=\"text-decoration: underline;\"><strong>Prodejna potravin a restaurace Mydl\u00e1k<\/strong><\/span><\/p>\n<p><a href=\"http:\/\/www.mydlak.cz\/wp-content\/uploads\/res1.jpg\"><img loading=\"lazy\" width=\"300\" height=\"225\" class=\" wp-image-51 alignleft\" alt=\"res1\" src=\"http:\/\/www.mydlak.cz\/wp-content\/uploads\/res1-300x225.jpg\" srcset=\"https:\/\/www.mydlak.cz\/wp-content\/uploads\/res1-300x225.jpg 300w, https:\/\/www.mydlak.cz\/wp-content\/uploads\/res1-1024x768.jpg 1024w\" sizes=\"(max-width: 300px) 100vw, 300px\" \/><\/a> Prodej v\u0161ech z\u00e1kladn\u00edch potravin, n\u00e1poj\u016f, v\u00fd\u010dep piva, prodej zmrzliny. P\u0159\u00edprava n\u011bkolika sma\u017een\u00fdch j\u00eddel bez obsluhy, konzumace na p\u0159edzahr\u00e1dce p\u0159ed prodejnou, 100m od chatek<\/p>\n<h2><\/h2>\n<h2><\/h2>\n<p><span style=\"text-decoration: underline;\"><strong>Peka\u0159stv\u00ed u Novotn\u00fdch Zliv<\/strong><\/span><\/p>\n<p><a href=\"http:\/\/www.mydlak.cz\/wp-content\/uploads\/res2.jpg\"><img loading=\"lazy\" class=\" wp-image-52 alignleft\" alt=\"res2\" src=\"http:\/\/www.mydlak.cz\/wp-content\/uploads\/res2-300x225.jpg\" width=\"300\" height=\"225\" srcset=\"https:\/\/www.mydlak.cz\/wp-content\/uploads\/res2-300x225.jpg 300w, https:\/\/www.mydlak.cz\/wp-content\/uploads\/res2-1024x768.jpg 1024w\" sizes=\"(max-width: 300px) 100vw, 300px\" \/><\/a>V\u00fdborn\u00e1 pek\u00e1rna, rohl\u00edky, housky, chl\u00e9b, kol\u00e1\u010dky, ale tak\u00e9 \u0161irok\u00fd v\u00fdb\u011br z\u00e1kladn\u00edch potravin a n\u00e1poj\u016f<\/p>\n<p>&nbsp;<\/p>\n<h2><\/h2>\n<h2><\/h2>\n<p><span style=\"text-decoration: underline;\"><strong>Supermarket Zliv<\/strong><\/span><\/p>\n<p><a href=\"http:\/\/www.mydlak.cz\/wp-content\/uploads\/res3.jpg\"><img loading=\"lazy\" width=\"300\" height=\"225\" class=\" wp-image-53 alignleft\" alt=\"res3\" src=\"http:\/\/www.mydlak.cz\/wp-content\/uploads\/res3-300x225.jpg\" srcset=\"https:\/\/www.mydlak.cz\/wp-content\/uploads\/res3-300x225.jpg 300w, https:\/\/www.mydlak.cz\/wp-content\/uploads\/res3-1024x768.jpg 1024w\" sizes=\"(max-width: 300px) 100vw, 300px\" \/><\/a>Jednota Coop, prodejna sm\u00ed\u0161en\u00e9ho zbo\u017e\u00ed, kompletn\u00ed sortiment potravin<\/p>\n<p>&nbsp;<\/p>\n<p>&nbsp;<\/p>\n<p>&nbsp;<\/p>\n<p>&nbsp;<\/p>\n<p><span style=\"color: #000000;\"><strong><span style=\"text-decoration: underline;\">Diskont PLUS Hlubok\u00e1 nad<\/span><\/strong><strong><span style=\"text-decoration: underline;\"> Vltavou<\/span><\/strong><\/span><\/p>\n<p><a href=\"http:\/\/www.mydlak.cz\/wp-content\/uploads\/res4.jpg\"><img loading=\"lazy\" width=\"300\" height=\"225\" class=\" wp-image-54 alignleft\" alt=\"res4\" src=\"http:\/\/www.mydlak.cz\/wp-content\/uploads\/res4-300x225.jpg\" srcset=\"https:\/\/www.mydlak.cz\/wp-content\/uploads\/res4-300x225.jpg 300w, https:\/\/www.mydlak.cz\/wp-content\/uploads\/res4-1024x768.jpg 1024w\" sizes=\"(max-width: 300px) 100vw, 300px\" \/><\/a>Klasick\u00fd \u0161irokosortimentn\u00ed supermarket PLUS, podobn\u00fd jako ostatn\u00ed v republice, dobr\u00e9 ceny<\/p>\n<p>&nbsp;<\/p>\n<p>&nbsp;<\/p>\n<p>&nbsp;<\/p>\n<p>&nbsp;<\/p>\n<p><span style=\"color: #000000;\"><strong><span style=\"text-decoration: underline;\">J\u00eddelna SCHIEDEL Zliv<\/span><\/strong><\/span><\/p>\n<p><a href=\"http:\/\/www.mydlak.cz\/wp-content\/uploads\/rest5.jpg\"><img loading=\"lazy\" width=\"300\" height=\"225\" class=\" wp-image-62 alignleft\" alt=\"rest5\" src=\"http:\/\/www.mydlak.cz\/wp-content\/uploads\/rest5-300x225.jpg\" srcset=\"https:\/\/www.mydlak.cz\/wp-content\/uploads\/rest5-300x225.jpg 300w, https:\/\/www.mydlak.cz\/wp-content\/uploads\/rest5-1024x768.jpg 1024w\" sizes=\"(max-width: 300px) 100vw, 300px\" \/><\/a>B\u00fdval\u00e1 &#8222;\u0161amotka&#8220;, aktu\u00e1ln\u00ed j\u00eddeln\u00ed l\u00edstek na <a title=\"dobrajidelna.cz\" href=\"http:\/\/www.dobrajidelna.cz\/\" target=\"_blank\">www.dobrajidelna.cz<\/a>, j\u00eddlo je nutn\u00e9 objednat den p\u0159edem nebo hodn\u011b brzo r\u00e1no, v\u00fdborn\u00e9 ceny, mo\u017enost v\u00fddeje j\u00eddla do j\u00eddlonosi\u010d\u016f<\/p>\n<p>&nbsp;<\/p>\n<p>&nbsp;<\/p>\n<p>&nbsp;<\/p>\n<p><span style=\"text-decoration: underline;\"><strong><span style=\"color: #000000;\">Restaurace Do pohody Zliv<\/span><\/strong><\/span><\/p>\n<p><a href=\"http:\/\/www.mydlak.cz\/wp-content\/uploads\/rest6.jpg\"><img loading=\"lazy\" width=\"225\" height=\"300\" class=\" wp-image-63 alignleft\" alt=\"rest6\" src=\"http:\/\/www.mydlak.cz\/wp-content\/uploads\/rest6-225x300.jpg\" srcset=\"https:\/\/www.mydlak.cz\/wp-content\/uploads\/rest6-225x300.jpg 225w, https:\/\/www.mydlak.cz\/wp-content\/uploads\/rest6-768x1024.jpg 768w, https:\/\/www.mydlak.cz\/wp-content\/uploads\/rest6.jpg 1920w\" sizes=\"(max-width: 225px) 100vw, 225px\" \/><\/a>V\u00fdborn\u00e1 mal\u00e1 restaurace, p\u0159\u00edjemn\u00e9 prost\u0159ed\u00ed, vhodn\u00e9 pro ve\u010de\u0159e<\/p>\n<p>&nbsp;<\/p>\n<p>&nbsp;<\/p>\n<p>&nbsp;<\/p>\n<p>&nbsp;<\/p>\n<p>&nbsp;<\/p>\n<p>&nbsp;<\/p>\n<p><span style=\"color: #000000;\"><strong><span style=\"text-decoration: underline;\">Pizzerie-cukr\u00e1rna Hlubok\u00e1 nad Vltavou<\/span><\/strong><\/span><\/p>\n<p><a href=\"http:\/\/www.mydlak.cz\/wp-content\/uploads\/rest7.jpg\"><img loading=\"lazy\" width=\"300\" height=\"225\" class=\" wp-image-64 alignleft\" alt=\"rest7\" src=\"http:\/\/www.mydlak.cz\/wp-content\/uploads\/rest7-300x225.jpg\" srcset=\"https:\/\/www.mydlak.cz\/wp-content\/uploads\/rest7-300x225.jpg 300w, https:\/\/www.mydlak.cz\/wp-content\/uploads\/rest7-1024x768.jpg 1024w\" sizes=\"(max-width: 300px) 100vw, 300px\" \/><\/a>V\u00fdborn\u00e1 pizzerie, kav\u00e1rna, cukr\u00e1rna, poh\u00e1ry<\/p>\n<p>&nbsp;<\/p>\n<p>&nbsp;<\/p>\n<p>&nbsp;<\/p>\n<p>&nbsp;<\/p>\n<p>&nbsp;<\/p>\n<p><span style=\"text-decoration: underline;\"><strong><span style=\"color: #000000;\">Restaurace U Dvo\u0159\u00e1k\u016f<\/span><\/strong><\/span><\/p>\n<p><a href=\"http:\/\/www.mydlak.cz\/wp-content\/uploads\/rest8.jpg\"><img loading=\"lazy\" width=\"300\" height=\"225\" class=\" wp-image-65 alignleft\" alt=\"rest8\" src=\"http:\/\/www.mydlak.cz\/wp-content\/uploads\/rest8-300x225.jpg\" srcset=\"https:\/\/www.mydlak.cz\/wp-content\/uploads\/rest8-300x225.jpg 300w, https:\/\/www.mydlak.cz\/wp-content\/uploads\/rest8-1024x768.jpg 1024w\" sizes=\"(max-width: 300px) 100vw, 300px\" \/><\/a>Klasick\u00e1 pivnice, Tipsport<\/p>\n<p>&nbsp;<\/p>\n<p>&nbsp;<\/p>\n<p>&nbsp;<\/p>\n<p>&nbsp;<\/p>\n<p>&nbsp;<\/p>\n<p><span style=\"text-decoration: underline;\"><strong>Restaurant Divok\u00e1 r\u016f\u017ee<\/strong><\/span><\/p>\n<p><a href=\"http:\/\/www.mydlak.cz\/wp-content\/uploads\/rest9.jpg\"><img loading=\"lazy\" width=\"300\" height=\"225\" class=\" wp-image-66 alignleft\" alt=\"rest9\" src=\"http:\/\/www.mydlak.cz\/wp-content\/uploads\/rest9-300x225.jpg\" srcset=\"https:\/\/www.mydlak.cz\/wp-content\/uploads\/rest9-300x225.jpg 300w, https:\/\/www.mydlak.cz\/wp-content\/uploads\/rest9-1024x768.jpg 1024w\" sizes=\"(max-width: 300px) 100vw, 300px\" \/><\/a>Klasick\u00e1 pivnice, bar, herna, automaty<\/p>\n<p>&nbsp;<\/p>\n","protected":false},"excerpt":{"rendered":"<p>Prodejna potravin a restaurace Mydl\u00e1k Prodej v\u0161ech z\u00e1kladn\u00edch potravin, n\u00e1poj\u016f, v\u00fd\u010dep piva, prodej zmrzliny. P\u0159\u00edprava n\u011bkolika sma\u017een\u00fdch j\u00eddel bez obsluhy, konzumace na p\u0159edzahr\u00e1dce p\u0159ed prodejnou, 100m od chatek Peka\u0159stv\u00ed u Novotn\u00fdch Zliv V\u00fdborn\u00e1 pek\u00e1rna, rohl\u00edky, housky, chl\u00e9b, kol\u00e1\u010dky, ale tak\u00e9 &hellip; <a href=\"https:\/\/www.mydlak.cz\/?page_id=48\">Cel\u00fd p\u0159\u00edsp\u011bvek <span class=\"meta-nav\">&rarr;<\/span><\/a><\/p>\n","protected":false},"author":1,"featured_media":0,"parent":0,"menu_order":0,"comment_status":"open","ping_status":"open","template":"","meta":[],"_links":{"self":[{"href":"https:\/\/www.mydlak.cz\/index.php?rest_route=\/wp\/v2\/pages\/48"}],"collection":[{"href":"https:\/\/www.mydlak.cz\/index.php?rest_route=\/wp\/v2\/pages"}],"about":[{"href":"https:\/\/www.mydlak.cz\/index.php?rest_route=\/wp\/v2\/types\/page"}],"author":[{"embeddable":true,"href":"https:\/\/www.mydlak.cz\/index.php?rest_route=\/wp\/v2\/users\/1"}],"replies":[{"embeddable":true,"href":"https:\/\/www.mydlak.cz\/index.php?rest_route=%2Fwp%2Fv2%2Fcomments&post=48"}],"version-history":[{"count":14,"href":"https:\/\/www.mydlak.cz\/index.php?rest_route=\/wp\/v2\/pages\/48\/revisions"}],"predecessor-version":[{"id":123,"href":"https:\/\/www.mydlak.cz\/index.php?rest_route=\/wp\/v2\/pages\/48\/revisions\/123"}],"wp:attachment":[{"href":"https:\/\/www.mydlak.cz\/index.php?rest_route=%2Fwp%2Fv2%2Fmedia&parent=48"}],"curies":[{"name":"wp","href":"https:\/\/api.w.org\/{rel}","templated":true}]}}